986?
58
Calculate the highest common divisor of 1632 and 1275.
51
What is the greatest common divisor of 12 and 54?
6
Calculate the greatest common factor of 44 and 2068.
44
Calculate the greatest common factor of 390 and 7176.
78
What is the greatest common factor of 3175 and 254?
127
What is the greatest common divisor of 15 and 3?
3
What is the greatest common factor of 195 and 15?
15
Calculate the highest common divisor of 6 and 2.
2
Calculate the highest common divisor of 2562 and 42.
42
Calculate the highest common divisor of 84 and 427.
7
What is the highest common factor of 196 and 52?
4
Calculate the greatest common factor of 95 and 76.
19
Calculate the greatest common divisor of 35 and 119.
7
Calculate the highest common divisor of 684 and 912.
228
What is the highest common divisor of 2772 and 45?
9
Calculate the highest common factor of 162 and 36.
18
Calculate the greatest common divisor of 11 and 6.
1
Calculate the greatest common factor of 280 and 70.
70
Calculate the highest common factor of 40 and 660.
20
Calculate the highest common divisor of 39 and 13.
13
What is the highest common factor of 1034 and 44?
22
What is the highest common divisor of 92 and 11546?
46
What is the highest common divisor of 2486 and 22?
22
Calculate the highest common factor of 147 and 168.
21
Calculate the greatest common factor of 221 and 68.
17
What is the highest common factor of 1078 and 66?
22
What is the highest common factor of 161 and 9016?
161
What is the greatest common divisor of 23 and 17?
1
What is the greatest common factor of 88 and 11176?
88
What is the highest common factor of 44 and 44?
44
Calculate the greatest common divisor of 25 and 115.
5
Calculate the greatest common divisor of 875 and 245.
35
What is the highest common divisor of 64 and 416?
32
What is the greatest common divisor of 75 and 525?
75
What is the greatest common factor of 96 and 224?
32
What is the highest common factor of 43622 and 17?
17
What is the highest common divisor of 17 and 10?
1
Calculate the greatest common divisor of 123 and 779.
41
Calculate the highest common divisor of 618 and 24.
6
Calculate the highest common factor of 12322 and 244.
122
Calculate the highest common divisor of 550 and 350.
50
What is the highest common factor of 483 and 63?
21
Calculate the greatest common divisor of 224 and 1904.
112
Calculate the highest common divisor of 2247 and 63.
21
Calculate the highest common divisor of 352 and 46112.
352
Calculate the greatest common factor of 10 and 7600.
10
What is the greatest common divisor of 21 and 168?
21
What is the greatest common factor of 1 and 32?
1
Calculate the greatest common factor of 16 and 3808.
16
What is the highest common factor of 848 and 8?
8
Calculate the greatest common divisor of 2163 and 63.
21
What is the greatest common divisor of 37 and 1?
1
Calculate the greatest common divisor of 728 and 936.
104
Calculate the highest common divisor of 24 and 102.
6
What is the greatest common factor of 18 and 156?
6
Calculate the greatest common factor of 136 and 648.
8
Calculate the highest common divisor of 30 and 190.
10
What is the greatest common factor of 95 and 8930?
95
What is the highest common factor of 3686 and 291?
97
What is the greatest common divisor of 3 and 843?
3
Calculate the highest common factor of 48 and 320.
16
Calculate the highest common factor of 27 and 459.
27
Calculate the greatest common divisor of 576 and 1944.
72
What is the greatest common factor of 2205 and 2835?
315
What is the greatest common divisor of 7743 and 174?
87
What is the highest common factor of 28 and 1414?
14
What is the highest common factor of 92 and 3611?
23
Calculate the greatest common divisor of 179 and 24881.
179
Calculate the greatest common divisor of 388 and 3589.
97
Calculate the greatest common divisor of 88 and 32.
8
What is the highest common divisor of 8 and 868?
4
What is the greatest common divisor of 39 and 12?
3
Calculate the highest common factor of 54 and 3474.
18
Calculate the highest common factor of 25 and 800.
25
What is the highest common divisor of 1090 and 180?
10
Calculate the greatest common factor of 8129 and 11.
11
Calculate the highest common factor of 99 and 132.
33
Calculate the greatest common divisor of 84 and 147.
21
What is the greatest common divisor of 2630 and 10?
10
What is the greatest common factor of 6 and 11040?
6
What is the greatest common divisor of 2896 and 144?
16
Calculate the highest common divisor of 402 and 1072.
134
What is the highest common divisor of 5 and 1265?
5
What is the highest common factor of 424 and 8?
8
What is the highest common divisor of 30 and 480?
30
Calculate the highest common divisor of 602 and 70.
14
What is the highest common factor of 8898 and 6?
6
Calculate the highest common factor of 11 and 1276.
11
Calculate the highest common divisor of 117 and 715.
13
Calculate the highest common factor of 44 and 484.
44
What is the greatest common divisor of 68 and 153?
17
Calculate the highest common divisor of 1496 and 176.
88
Calculate the greatest common factor of 131 and 16637.
131
What is the highest common factor of 17 and 833?
17
What is the greatest common divisor of 8424 and 26?
26
What is the greatest common divisor of 36 and 19530?
18
What is the highest common factor of 36 and 504?
36
What is the greatest common factor of 9850 and 150?
50
What is the greatest common factor of 2624 and 820?
164
Calculate the highest common factor of 322 and 1001.
7
What is the greatest common divisor of 408 and 1479?
51
Calculate the greatest common divisor of 272 and 3230.
34
What is the highest common factor of 6350 and 150?
50
Calculate the highest common divisor of 155 and 23405.
155
Calculate the greatest common factor of 22 and 11.
11
What is the highest common divisor of 162 and 18?
18
What is the greatest common factor of 106 and 1272?
106
What is the greatest common factor of 24 and 1716?
12
Calculate the greatest common divisor of 3 and 9.
3
Calculate the greatest common divisor of 4550 and 2450.
350
Calculate the greatest common factor of 234 and 30.
6
What is the highest common factor of 737 and 201?
67
Calculate the highest common divisor of 6152 and 8.
8
Calculate the highest common divisor of 1625 and 26.
13
What is the highest common divisor of 66 and 594?
66
What is the highest common factor of 4553 and 174?
29
Calculate the greatest common factor of 306 and 2601.
153
What is the highest common divisor of 1548 and 2196?
36
What is the greatest common factor of 518 and 42?
14
Calculate the highest common factor of 642 and 48.
6
Calculate the highest common divisor of 77 and 539.
77
What is the greatest common factor of 276 and 92?
92
Calculate the greatest common factor of 60 and 5360.
20
Calculate the greatest common factor of 144 and 180.
36
What is the highest common divisor of 1274 and 26?
26
Calculate the highest common divisor of 6 and 178.
2
Calculate the highest common divisor of 12 and 54.
6
Calculate the greatest common divisor of 1769 and 61.
61
Calculate the highest common factor of 24 and 888.
24
What is the highest common divisor of 7006 and 1130?
226
What is the greatest common divisor of 921 and 614?
307
What is the greatest common divisor of 3770 and 130?
130
Calculate the highest common divisor of 528 and 33.
33
Calculate the greatest common factor of 46 and 3174.
46
Calculate the highest common factor of 60 and 750.
30
What is the greatest common divisor of 2613 and 273?
39
What is the greatest common divisor of 1032 and 300?
12
What is the highest common factor of 60 and 1836?
12
What is the highest common divisor of 297 and 319?
11
Calculate the highest common factor of 845 and 1755.
65
Calculate the greatest common divisor of 21 and 1253.
7
Calculate the greatest common factor of 6463 and 184.
23
Calculate the highest common divisor of 1661 and 33.
11
What is the greatest common divisor of 4610 and 20?
10
Calculate the greatest common factor of 34 and 238.
34
Calculate the greatest common divisor of 623 and 267.
89
What is the highest common divisor of 72 and 576?
72
Calculate the greatest common factor of 159 and 1802.
53
Calculate the greatest common factor of 75 and 45.
15
What is the highest common factor of 4